{"id":3848,"date":"2025-03-31T16:09:29","date_gmt":"2025-03-31T13:09:29","guid":{"rendered":"https:\/\/gustoristo.md\/?post_type=product&#038;p=3848"},"modified":"2026-04-02T15:24:38","modified_gmt":"2026-04-02T12:24:38","slug":"salata-cu-conopida-para-si-aroma-de-trufe","status":"publish","type":"product","link":"https:\/\/gustoristo.md\/en\/catalog\/meniu-de-post\/salata-cu-conopida-para-si-aroma-de-trufe\/","title":{"rendered":"Salat\u0103 cu conopid\u0103 , par\u0103 \u0219i arom\u0103 de trufe"},"content":{"rendered":"","protected":false},"excerpt":{"rendered":"<p>Mix salat\u0103 , conopid\u0103 , ro\u0219ii uscate , par\u0103 , ardei iute , nuci de pin , miere , ulei cu trufe , ulei m\u0103sline , busuioc<\/p>","protected":false},"featured_media":3849,"template":"","meta":{"_acf_changed":false},"product_brand":[],"product_cat":[141],"product_tag":[],"class_list":{"0":"post-3848","1":"product","2":"type-product","3":"status-publish","4":"has-post-thumbnail","6":"product_cat-meniu-de-post","8":"first","9":"instock","10":"taxable","11":"shipping-taxable","12":"purchasable","13":"product-type-simple"},"acf":[],"_links":{"self":[{"href":"https:\/\/gustoristo.md\/en\/wp-json\/wp\/v2\/product\/3848","targetHints":{"allow":["GET"]}}],"collection":[{"href":"https:\/\/gustoristo.md\/en\/wp-json\/wp\/v2\/product"}],"about":[{"href":"https:\/\/gustoristo.md\/en\/wp-json\/wp\/v2\/types\/product"}],"wp:featuredmedia":[{"embeddable":true,"href":"https:\/\/gustoristo.md\/en\/wp-json\/wp\/v2\/media\/3849"}],"wp:attachment":[{"href":"https:\/\/gustoristo.md\/en\/wp-json\/wp\/v2\/media?parent=3848"}],"wp:term":[{"taxonomy":"product_brand","embeddable":true,"href":"https:\/\/gustoristo.md\/en\/wp-json\/wp\/v2\/product_brand?post=3848"},{"taxonomy":"product_cat","embeddable":true,"href":"https:\/\/gustoristo.md\/en\/wp-json\/wp\/v2\/product_cat?post=3848"},{"taxonomy":"product_tag","embeddable":true,"href":"https:\/\/gustoristo.md\/en\/wp-json\/wp\/v2\/product_tag?post=3848"}],"curies":[{"name":"wp","href":"https:\/\/api.w.org\/{rel}","templated":true}]}}

Salată cu conopidă , pară și aromă de trufe

<p>Mix salată , conopidă , roșii uscate , pară , ardei iute , nuci de pin , miere , ulei cu trufe , ulei măsline , busuioc</p>
